 remainder when 155711 is divided by 706?
391
What is the remainder when 29743233 is divided by 1643?
4
What is the remainder when 23629762 is divided by 30?
22
What is the remainder when 407956 is divided by 18534?
208
What is the remainder when 62553198 is divided by 272?
270
Calculate the remainder when 719031 is divided by 17118.
75
What is the remainder when 16210366 is divided by 109?
104
Calculate the remainder when 181723269 is divided by 362.
355
Calculate the remainder when 900833204 is divided by 5514.
5510
Calculate the remainder when 4466478 is divided by 638057.
79
What is the remainder when 47078736 is divided by 72?
24
What is the remainder when 1041340843 is divided by 3543?
3541
What is the remainder when 1755 is divided by 20?
15
Calculate the remainder when 6096135 is divided by 2539.
2535
What is the remainder when 125723222 is divided by 22?
20
Calculate the remainder when 2409880 is divided by 21139.
34
Calculate the remainder when 538153763 is divided by 4848232.
11
Calculate the remainder when 870503 is divided by 21230.
73
What is the remainder when 8143901 is divided by 1086?
1073
Calculate the remainder when 589778 is divided by 33.
2
What is the remainder when 216762 is divided by 6773?
26
Calculate the remainder when 83235127 is divided by 10404390.
7
Calculate the remainder when 11999 is divided by 141.
14
What is the remainder when 2164761 is divided by 144315?
36
What is the remainder when 15468481 is divided by 278?
5
What is the remainder when 459699 is divided by 942?
3
Calculate the remainder when 8250 is divided by 243.
231
Calculate the remainder when 6810538 is divided by 340.
338
What is the remainder when 94853 is divided by 6775?
3
Calculate the remainder when 3314006 is divided by 3313939.
67
What is the remainder when 122234893 is divided by 344?
341
What is the remainder when 32870 is divided by 4692?
26
What is the remainder when 32329100 is divided by 21?
20
Calculate the remainder when 14175350 is divided by 4838.
10
What is the remainder when 44011292 is divided by 252?
248
What is the remainder when 358062 is divided by 6885?
42
What is the remainder when 28207099 is divided by 39068?
3
Calculate the remainder when 215372108 is divided by 301.
287
What is the remainder when 53822021 is divided by 92?
89
Calculate the remainder when 240707 is divided by 3760.
67
Calculate the remainder when 22638487 is divided by 471635.
7
What is the remainder when 850856 is divided by 870?
866
What is the remainder when 137065 is divided by 5699?
289
Calculate the remainder when 544039 is divided by 672.
391
What is the remainder when 355865 is divided by 178?
43
Calculate the remainder when 5587329 is divided by 404.
9
Calculate the remainder when 152844573 is divided by 4596.
4593
What is the remainder when 2266678 is divided by 755549?
31
Calculate the remainder when 3349319 is divided by 5949.
32
What is the remainder when 1833797 is divided by 916897?
3
Calculate the remainder when 13496795 is divided by 367.
3
What is the remainder when 10902189 is divided by 3645?
3639
Calculate the remainder when 248722 is divided by 259.
82
What is the remainder when 141615 is divided by 3371?
33
Calculate the remainder when 942050 is divided by 41.
34
Calculate the remainder when 23195 is divided by 10952.
1291
Calculate the remainder when 322512 is divided by 619.
13
Calculate the remainder when 2112030 is divided by 1055982.
66
Calculate the remainder when 43441252 is divided by 97.
93
What is the remainder when 271034499 is divided by 20?
19
Calculate the remainder when 36604 is divided by 36062.
542
What is the remainder when 22045662 is divided by 2412?
2394
Calculate the remainder when 1731287 is divided by 157387.
30
What is the remainder when 6043557 is divided by 3021722?
113
What is the remainder when 84020563 is divided by 260?
3
Calculate the remainder when 284512 is divided by 3051.
769
What is the remainder when 64422 is divided by 15661?
1778
What is the remainder when 2447552 is divided by 14148?
14096
Calculate the remainder when 5912285 is divided by 1294.
1293
Calculate the remainder when 12713412 is divided by 4237793.
33
Calculate the remainder when 4259072 is divided by 15892.
16
What is the remainder when 218480433 is divided by 6?
3
What is the remainder when 29640551 is divided by 2117181?
17
Calculate the remainder when 3225272 is divided by 17246.
270
What is the remainder when 10040764 is divided by 10040739?
25
What is the remainder when 15329366 is divided by 86?
38
What is the remainder when 311446 is divided by 62287?
11
Calculate the remainder when 1106746 is divided by 553359.
28
What is the remainder when 94960 is divided by 31178?
1426
What is the remainder when 1290961 is divided by 6487?
48
Calculate the remainder when 20501 is divided by 2677.
1762
Calculate the remainder when 89329840 is divided by 7.
5
What is the remainder when 439435 is divided by 439410?
25
Calculate the remainder when 2143537 is divided by 415.
62
Calculate the remainder when 11153 is divided by 810.
623
Calculate the remainder when 760869 is divided by 7649.
3618
What is the remainder when 51776 is divided by 25836?
104
What is the remainder when 41769595 is divided by 33?
10
What is the remainder when 142708 is divided by 71149?
410
What is the remainder when 42488 is divided by 244?
32
What is the remainder when 5657280 is divided by 128?
64
Calculate the remainder when 127531 is divided by 303.
271
Calculate the remainder when 5327278 is divided by 2663631.
16
What is the remainder when 166392 is divided by 1182?
912
Calculate the remainder when 1212056 is divided by 52.
40
What is the remainder when 396967472 is divided by 729?
728
What is the remainder when 1934296646 is divided by 6435?
6431
Calculate the remainder when 91146193 is divided by 45.
43
Calculate the remainder when 936930 is divided by 85151.
269
What is the remainder when 9674874 is divided by 72?
18
Calculate the remainder when 274790 is divided by 136885.
1020
Calculate the remainder when 781443 is divided by 1482.
429
What is the remainder when 12880073 is divided by 13?
11
What is the remainder when 52078 is divided by 91?
26
What is the remainder when 649650 is divided by 129806?
620
Calculate the remainder when 14018626 is divided by 23.
11
Calculate the remainder when 42498833 is divided by 14166268.
29
Calculate the remainder when 114358757 is divided by 6917.
6913
Calculate the remainder when 837113 is divided by 12.
5
Calculate the remainder when 39961635 is divided by 494.
493
Calculate the remainder when 7977284 is divided by 105.
14
Calculate the remainder when 156227 is divided by 562.
553
What is the remainder when 72431 is divided by 4210?
861
What is the remainder when 40364 is divided by 19017?
2330
What is the remainder when 25261709 is divided by 166?
161
Calculate the remainder when 18889218 is divided by 839.
811
What is the remainder when 65459 is divided by 3840?
179
What is the remainder when 1355243581 is divided by 5696?
5693
Calculate the remainder when 530563 is divided by 411.
373
What is the remainder when 143894 is divided by 69401?
5092
Calculate the remainder when 270130 is divided by 54009.
85
Calculate the remainder when 39764836 is divided by 779.
2
Calculate the remainder when 2297291 is divided by 3685.
1536
Calculate the remainder when 202279 is divided by 5917.
1101
What is the remainder when 6812147 is divided by 1362429?
2
Calculate the remainder when 14622745 is divided by 4874238.
31
What is the remainder when 77434017 is divided by 710?
707
Calculate the remainder when 1222837 is divided by 476.
469
What is the remainder when 236849 is divided by 126?
95
Calculate the remainder when 23182 is divided by 2810.
702
Calculate the remainder when 362962211 is divided by 495.
491
What is the remainder when 5869459 is divided by 284?
31
What is the remainder when 5443311 is divided by 777569?
328
What is the remainder when 14998908 is divided by 14998906?
2
What is the remainder when 16486 is divided by 2684?
382
What is the remainder when 84862 is divided by 41311?
2240
What is the remainder when 7772 is divided by 2540?
152
What is the remainder when 299179 is divided by 4041?
145
Calculate